 prime factors of 72139133.
11, 331, 19813
List the prime factors of 54363045.
3, 5, 11, 329473
List the prime factors of 2317984135.
5, 19, 24399833
List the prime factors of 2977431227.
1979, 1504513
What are the prime factors of 74986360?
2, 5, 1874659
What are the prime factors of 1614750597?
3, 383, 468451
List the prime factors of 41260607.
43, 397, 2417
List the prime factors of 1460506635.
3, 5, 7, 17, 272737
List the prime factors of 88903047.
3, 17, 41, 61
What are the prime factors of 719570697?
3, 127, 617, 3061
What are the prime factors of 3170880628?
2, 127, 1069, 5839
What are the prime factors of 324196331?
37, 8762063
List the prime factors of 2430592775.
5, 13, 101, 74047
What are the prime factors of 1510078993?
1510078993
What are the prime factors of 995481244?
2, 47, 5295113
What are the prime factors of 1731530614?
2, 11, 17, 41, 112921
What are the prime factors of 43056999?
3, 1117, 4283
What are the prime factors of 44584909?
5791, 7699
List the prime factors of 61681441.
6211, 9931
What are the prime factors of 306517169?
7, 43788167
What are the prime factors of 1758469547?
1758469547
What are the prime factors of 34534024?
2, 7, 37, 2381
What are the prime factors of 172842437?
83, 2082439
List the prime factors of 1693363408.
2, 11, 23, 418321
List the prime factors of 2861520.
2, 3, 5, 11923
What are the prime factors of 726010352?
2, 277, 163811
List the prime factors of 124320348.
2, 3, 3453343
What are the prime factors of 173178806?
2, 19, 59, 77243
What are the prime factors of 70997676?
2, 3, 449, 13177
List the prime factors of 741532971.
3, 263, 939839
List the prime factors of 13042204.
2, 7, 37, 12589
List the prime factors of 586705485.
3, 5, 37, 28571
List the prime factors of 27813315.
3, 5, 1854221
List the prime factors of 1090663545.
3, 5, 31, 1171, 2003
List the prime factors of 3409555087.
3409555087
What are the prime factors of 1729985109?
3, 877, 657539
List the prime factors of 18620500.
2, 5, 167, 223
List the prime factors of 133621643.
133621643
List the prime factors of 88890956.
2, 7, 11, 26237
List the prime factors of 39519897.
3, 13173299
What are the prime factors of 169766311?
11, 13, 19, 62483
List the prime factors of 124126456.
2, 163, 95189
List the prime factors of 2211540903.
3, 11, 13, 1718369
List the prime factors of 2877879671.
28661, 100411
What are the prime factors of 5385789104?
2, 67, 5024057
List the prime factors of 57160533.
3, 73, 211, 1237
What are the prime factors of 3098857543?
829, 1103, 3389
List the prime factors of 306127139.
31, 9875069
What are the prime factors of 320746943?
11, 83, 351311
What are the prime factors of 25200798?
2, 3, 7, 85717
What are the prime factors of 3857449486?
2, 11, 127, 1380619
List the prime factors of 43985228.
2, 7, 19, 29, 2851
List the prime factors of 54304883.
487, 111509
List the prime factors of 15634512.
2, 3, 36191
What are the prime factors of 1437478695?
3, 5, 31943971
What are the prime factors of 4646766017?
73, 79, 199, 4049
List the prime factors of 6218966756.
2, 41, 1811, 20939
List the prime factors of 30692460.
2, 3, 5, 511541
What are the prime factors of 14695497?
3, 17, 139, 691
What are the prime factors of 40098010?
2, 5, 29, 37, 101
What are the prime factors of 3075043171?
31, 99194941
List the prime factors of 386421524.
2, 96605381
List the prime factors of 318658435.
5, 863, 73849
What are the prime factors of 804435686?
2, 402217843
List the prime factors of 333263726.
2, 1123, 148381
List the prime factors of 744678891.
3, 11, 683819
List the prime factors of 251971025.
5, 17, 592873
List the prime factors of 485835562.
2, 787, 308663
What are the prime factors of 6523535650?
2, 5, 130470713
What are the prime factors of 1405800639?
3, 71, 73, 30137
What are the prime factors of 541104755?
5, 108220951
What are the prime factors of 361770620?
2, 5, 31, 583501
List the prime factors of 128711914.
2, 4759, 13523
List the prime factors of 23471662.
2, 17, 137, 5039
List the prime factors of 104394817.
131, 163, 4889
List the prime factors of 155372848.
2, 9710803
List the prime factors of 6557863.
13, 47, 10733
What are the prime factors of 1267260771?
3, 7, 60345751
List the prime factors of 255513.
3, 53, 1607
List the prime factors of 1461741348.
2, 3, 41, 2971019
List the prime factors of 4918313866.
2, 31, 79327643
What are the prime factors of 374560999?
374560999
What are the prime factors of 8416721?
8416721
What are the prime factors of 167805462?
2, 3, 11, 181, 1277
What are the prime factors of 77318837?
77318837
What are the prime factors of 41145969?
3, 43, 467, 683
What are the prime factors of 48734882?
2, 7, 131, 26573
List the prime factors of 89466236.
2, 79, 283121
What are the prime factors of 47127348?
2, 3, 1309093
List the prime factors of 202926618.
2, 3, 11273701
List the prime factors of 2336890453.
31, 75383563
List the prime factors of 375068393.
7, 7654457
What are the prime factors of 790999930?
2, 5, 7, 467, 24197
What are the prime factors of 226656907?
61, 3715687
List the prime factors of 23634074.
2, 2731, 4327
What are the prime factors of 155566179?
3, 29, 509, 1171
What are the prime factors of 224761809?
3, 131, 443, 1291
What are the prime factors of 149095862?
2, 811, 91921
List the prime factors of 105336973.
7, 15048139
List the prime factors of 71060281.
71060281
What are the prime factors of 2528735745?
3, 5, 19, 643, 13799
What are the prime factors of 189501596?
2, 47375399
What are the prime factors of 4936935115?
5, 7, 141055289
What are the prime factors of 436716366?
2, 3, 17, 4281533
What are the prime factors of 66302799?
3, 19, 1163207
List the prime factors of 69102421.
37, 523, 3571
List the prime factors of 169366585.
5, 33873317
What are the prime factors of 44306959?
89, 497831
List the prime factors of 4737560916.
2, 3, 11, 277, 11779
What are the prime factors of 597061080?
2, 3, 5, 7, 11, 17, 181
What are the prime factors of 16803510?
2, 3, 5, 560117
List the prime factors of 628439033.
628439033
What are the prime factors of 62271679?
62271679
What are the prime factors of 10393484?
2, 29, 89599
What are the prime factors of 36145503?
3, 4016167
List the prime factors of 754130951.
7, 107732993
What are the prime factors of 428371096?
2, 53546387
List the prime factors of 361434395.
5, 7, 29, 356093
List the prime factors of 48451588.
2, 12112897
List the prime factors of 119881182.
2, 3, 199, 100403
List the prime factors of 216259742.
2, 1049, 103079
What are the prime factors of 79409441?
421, 188621
List the prime factors of 1461330502.
2, 137, 827, 6449
List the prime factors of 104120381.
104120381
What are the prime factors of 132571939?
113, 223, 5261
List the prime factors of 98300512.
2, 1523, 2017
What are the prime factors of 14414580?
2, 3, 5, 73, 1097
List the prime factors of 427350309.
3, 173, 503, 1637
List the prime factors of 26447755.
5, 193, 27407
List the prime factors of 14600739.
3, 17, 286289
List the prime factors of 42378316.
2, 191, 55469
What are the prime factors of 811222596?
2, 3, 22533961
What are the prime factors of 8681613232?
2, 542600827
What are the prime factors of 2584351892?
2, 8689, 74357
List the prime factors of 1146811062.
2, 3, 4013, 47629
List the prime factors of 49707217.
7, 313, 463
What are the prime factors of 3631377140?
2, 5, 17, 10680521
List the prime factors of 2054735016.
2, 3, 79, 1083721
List the prime factors of 16366580.
2, 5, 17, 37, 1301
List the prime factors of 523779288.
2, 3, 21824137
List the prime factors of 88165069.
61, 1445329
What are the prime factors of 68969883?
3, 22989961
What are the prime factors of 75851048?
2, 7, 13, 31, 3361
List the prime factors of 58782756.
2, 3, 23, 212981
List the prime factors of 417924611.
13, 43, 47, 15907
What are the prime factors of 1164184350?
2, 3, 5, 7, 1108747
What are the prime factors of 5358862720?
2, 5, 8373223
What are the prime factors of 156953633?
23, 47, 145193
List the prime factors of 842394080.
2, 5, 11, 43, 11131
List the prime factors of 2846858162.
2, 127, 353, 31751
List the prime factors of 68037295.
5, 13607459
List the prime factors of 1724594422.
2, 1093, 788927
List the prime factors of 17995